{"id":11,"date":"2026-03-06T21:22:39","date_gmt":"2026-03-07T00:22:39","guid":{"rendered":"https:\/\/grupohn.com.br\/?page_id=11"},"modified":"2026-03-24T22:37:19","modified_gmt":"2026-03-25T01:37:19","slug":"carrinho","status":"publish","type":"page","link":"https:\/\/grupohn.com.br\/?page_id=11","title":{"rendered":"Carrinho"},"content":{"rendered":"\n<div data-block-name=\"woocommerce\/cart\" class=\"wp-block-woocommerce-cart alignwide is-loading\">\n<div data-block-name=\"woocommerce\/filled-cart-block\" class=\"wp-block-woocommerce-filled-cart-block\">\n<div data-block-name=\"woocommerce\/cart-items-block\" class=\"wp-block-woocommerce-cart-items-block\">\n<div data-block-name=\"woocommerce\/cart-line-items-block\" class=\"wp-block-woocommerce-cart-line-items-block\"><\/div>\n\n\n<\/div>\n\n\n\n\n<div data-block-name=\"woocommerce\/cart-totals-block\" class=\"wp-block-woocommerce-cart-totals-block\">\n<div data-block-name=\"woocommerce\/cart-order-summary-block\" class=\"wp-block-woocommerce-cart-order-summary-block\">\n<div data-block-name=\"woocommerce\/cart-order-summary-heading-block\" class=\"wp-block-woocommerce-cart-order-summary-heading-block\"><\/div><div data-block-name=\"woocommerce\/cart-order-summary-coupon-form-block\" class=\"wp-block-woocommerce-cart-order-summary-coupon-form-block\"><\/div><div data-block-name=\"woocommerce\/cart-order-summary-totals-block\" class=\"wp-block-woocommerce-cart-order-summary-totals-block\">\n<div data-block-name=\"woocommerce\/cart-order-summary-subtotal-block\" class=\"wp-block-woocommerce-cart-order-summary-subtotal-block\"><\/div>\n<div data-block-name=\"woocommerce\/cart-order-summary-discount-block\" class=\"wp-block-woocommerce-cart-order-summary-discount-block\"><\/div>\n<div data-block-name=\"woocommerce\/cart-order-summary-fee-block\" class=\"wp-block-woocommerce-cart-order-summary-fee-block\"><\/div>\n<div data-block-name=\"woocommerce\/cart-order-summary-shipping-block\" class=\"wp-block-woocommerce-cart-order-summary-shipping-block\"><\/div>\n<div data-block-name=\"woocommerce\/cart-order-summary-taxes-block\" class=\"wp-block-woocommerce-cart-order-summary-taxes-block\"><\/div><\/div>\n<\/div>\n\n\n\n<div data-block-name=\"woocommerce\/cart-express-payment-block\" class=\"wp-block-woocommerce-cart-express-payment-block\"><\/div>\n\n\n\n<div data-block-name=\"woocommerce\/proceed-to-checkout-block\" class=\"wp-block-woocommerce-proceed-to-checkout-block\"><\/div>\n\n\n\n<div data-block-name=\"woocommerce\/cart-accepted-payment-methods-block\" class=\"wp-block-woocommerce-cart-accepted-payment-methods-block\"><\/div>\n<\/div>\n<\/div>\n\n\n\n<div data-block-name=\"woocommerce\/empty-cart-block\" class=\"wp-block-woocommerce-empty-cart-block\">\n<h2 class=\"wp-block-heading has-text-align-center with-empty-cart-icon wc-block-cart__empty-cart__title\">Seu carrinho est\u00e1 vazio no momento!<\/h2>\n\n\n\n<hr class=\"wp-block-separator has-alpha-channel-opacity is-style-dots\"\/>\n\n\n\n<h2 class=\"wp-block-heading has-text-align-center\">Novo na loja<\/h2>\n\n\n<div data-block-name=\"woocommerce\/product-new\" data-columns=\"4\" data-rows=\"1\" class=\"wc-block-grid wp-block-product-new wp-block-woocommerce-product-new wc-block-product-new has-4-columns\"><ul class=\"wc-block-grid__products\"><li class=\"wc-block-grid__product\">\n\t\t\t\t<a href=\"https:\/\/grupohn.com.br\/?product=de-mulher-para-mulher\" class=\"wc-block-grid__product-link\">\n\t\t\t\t\t\n\t\t\t\t\t<div class=\"wc-block-grid__product-image\"><img fetchpriority=\"high\" decoding=\"async\" width=\"450\" height=\"658\" src=\"https:\/\/grupohn.com.br\/wp-content\/uploads\/2026\/03\/PHOTO-2026-02-10-14-14-27-450x658.jpg\" class=\"attachment-woocommerce_thumbnail size-woocommerce_thumbnail\" alt=\"De Mulher para Mulher\" srcset=\"https:\/\/grupohn.com.br\/wp-content\/uploads\/2026\/03\/PHOTO-2026-02-10-14-14-27-450x658.jpg 450w, https:\/\/grupohn.com.br\/wp-content\/uploads\/2026\/03\/PHOTO-2026-02-10-14-14-27-205x300.jpg 205w, https:\/\/grupohn.com.br\/wp-content\/uploads\/2026\/03\/PHOTO-2026-02-10-14-14-27-700x1024.jpg 700w, https:\/\/grupohn.com.br\/wp-content\/uploads\/2026\/03\/PHOTO-2026-02-10-14-14-27-768x1124.jpg 768w, https:\/\/grupohn.com.br\/wp-content\/uploads\/2026\/03\/PHOTO-2026-02-10-14-14-27-800x1171.jpg 800w, https:\/\/grupohn.com.br\/wp-content\/uploads\/2026\/03\/PHOTO-2026-02-10-14-14-27.jpg 1036w\" sizes=\"(max-width: 450px) 100vw, 450px\" \/><\/div>\n\t\t\t\t\t<div class=\"wc-block-grid__product-title\">De Mulher para Mulher<\/div>\n\t\t\t\t<\/a>\n\t\t\t\t<div class=\"wc-block-grid__product-price price\"><span class=\"woocommerce-Price-amount amount\" aria-hidden=\"true\"><span class=\"woocommerce-Price-currencySymbol\">&#082;&#036;<\/span>&nbsp;100,00<\/span> <span aria-hidden=\"true\">&ndash;<\/span> <span class=\"woocommerce-Price-amount amount\" aria-hidden=\"true\"><span class=\"woocommerce-Price-currencySymbol\">&#082;&#036;<\/span>&nbsp;125,00<\/span><span class=\"screen-reader-text\">Price range: &#082;&#036;&nbsp;100,00 through &#082;&#036;&nbsp;125,00<\/span><\/div>\n\t\t\t\t\n\t\t\t\t<div class=\"wp-block-button wc-block-grid__product-add-to-cart\"><a href=\"https:\/\/grupohn.com.br\/?product=de-mulher-para-mulher\" aria-label=\"Selecione as op\u00e7\u00f5es para &ldquo;De Mulher para Mulher&rdquo;\" data-quantity=\"1\" data-product_id=\"9273\" data-product_sku=\"\" data-price=\"100\" rel=\"nofollow\" class=\"wp-block-button__link  add_to_cart_button\">Ver op\u00e7\u00f5es<\/a><\/div>\n\t\t\t<\/li><li class=\"wc-block-grid__product\">\n\t\t\t\t<a href=\"https:\/\/grupohn.com.br\/?product=no-principio-o-mito-do-arcaico-ao-contemporaneo-na-literatura-volume-i\" class=\"wc-block-grid__product-link\">\n\t\t\t\t\t\n\t\t\t\t\t<div class=\"wc-block-grid__product-image\"><img decoding=\"async\" width=\"450\" height=\"450\" src=\"https:\/\/grupohn.com.br\/wp-content\/uploads\/2026\/03\/Mockup_HN_Mito_1-450x450.png\" class=\"attachment-woocommerce_thumbnail size-woocommerce_thumbnail\" alt=\"No princ\u00edpio, o mito: do arcaico ao contempor\u00e2neo na literatura - Volume I\" srcset=\"https:\/\/grupohn.com.br\/wp-content\/uploads\/2026\/03\/Mockup_HN_Mito_1-450x450.png 450w, https:\/\/grupohn.com.br\/wp-content\/uploads\/2026\/03\/Mockup_HN_Mito_1-300x300.png 300w, https:\/\/grupohn.com.br\/wp-content\/uploads\/2026\/03\/Mockup_HN_Mito_1-150x150.png 150w, https:\/\/grupohn.com.br\/wp-content\/uploads\/2026\/03\/Mockup_HN_Mito_1-768x768.png 768w, https:\/\/grupohn.com.br\/wp-content\/uploads\/2026\/03\/Mockup_HN_Mito_1-800x800.png 800w, https:\/\/grupohn.com.br\/wp-content\/uploads\/2026\/03\/Mockup_HN_Mito_1-100x100.png 100w, https:\/\/grupohn.com.br\/wp-content\/uploads\/2026\/03\/Mockup_HN_Mito_1-50x50.png 50w, https:\/\/grupohn.com.br\/wp-content\/uploads\/2026\/03\/Mockup_HN_Mito_1-460x460.png 460w, https:\/\/grupohn.com.br\/wp-content\/uploads\/2026\/03\/Mockup_HN_Mito_1.png 1000w\" sizes=\"(max-width: 450px) 100vw, 450px\" \/><\/div>\n\t\t\t\t\t<div class=\"wc-block-grid__product-title\">No princ\u00edpio, o mito: do arcaico ao contempor\u00e2neo na literatura &#8211; Volume I<\/div>\n\t\t\t\t<\/a>\n\t\t\t\t<div class=\"wc-block-grid__product-price price\"><span class=\"woocommerce-Price-amount amount\" aria-hidden=\"true\"><span class=\"woocommerce-Price-currencySymbol\">&#082;&#036;<\/span>&nbsp;0,00<\/span> <span aria-hidden=\"true\">&ndash;<\/span> <span class=\"woocommerce-Price-amount amount\" aria-hidden=\"true\"><span class=\"woocommerce-Price-currencySymbol\">&#082;&#036;<\/span>&nbsp;119,00<\/span><span class=\"screen-reader-text\">Price range: &#082;&#036;&nbsp;0,00 through &#082;&#036;&nbsp;119,00<\/span><\/div>\n\t\t\t\t\n\t\t\t\t<div class=\"wp-block-button wc-block-grid__product-add-to-cart\"><a href=\"https:\/\/grupohn.com.br\/?product=no-principio-o-mito-do-arcaico-ao-contemporaneo-na-literatura-volume-i\" aria-label=\"Selecione as op\u00e7\u00f5es para &ldquo;No princ\u00edpio, o mito: do arcaico ao contempor\u00e2neo na literatura - Volume I&rdquo;\" data-quantity=\"1\" data-product_id=\"9257\" data-product_sku=\"9786586731378\" data-price=\"0\" rel=\"nofollow\" class=\"wp-block-button__link  add_to_cart_button\">Ver op\u00e7\u00f5es<\/a><\/div>\n\t\t\t<\/li><li class=\"wc-block-grid__product\">\n\t\t\t\t<a href=\"https:\/\/grupohn.com.br\/?product=no-principio-o-mito-do-arcaico-ao-contemporaneo-na-literatura-volume-ii\" class=\"wc-block-grid__product-link\">\n\t\t\t\t\t\n\t\t\t\t\t<div class=\"wc-block-grid__product-image\"><img decoding=\"async\" width=\"450\" height=\"450\" src=\"https:\/\/grupohn.com.br\/wp-content\/uploads\/2026\/03\/Mockup_HN_Mito_2-450x450.png\" class=\"attachment-woocommerce_thumbnail size-woocommerce_thumbnail\" alt=\"No princ\u00edpio, o mito: do arcaico ao contempor\u00e2neo na literatura - Volume II\" srcset=\"https:\/\/grupohn.com.br\/wp-content\/uploads\/2026\/03\/Mockup_HN_Mito_2-450x450.png 450w, https:\/\/grupohn.com.br\/wp-content\/uploads\/2026\/03\/Mockup_HN_Mito_2-300x300.png 300w, https:\/\/grupohn.com.br\/wp-content\/uploads\/2026\/03\/Mockup_HN_Mito_2-150x150.png 150w, https:\/\/grupohn.com.br\/wp-content\/uploads\/2026\/03\/Mockup_HN_Mito_2-768x768.png 768w, https:\/\/grupohn.com.br\/wp-content\/uploads\/2026\/03\/Mockup_HN_Mito_2-800x800.png 800w, https:\/\/grupohn.com.br\/wp-content\/uploads\/2026\/03\/Mockup_HN_Mito_2-100x100.png 100w, https:\/\/grupohn.com.br\/wp-content\/uploads\/2026\/03\/Mockup_HN_Mito_2-50x50.png 50w, https:\/\/grupohn.com.br\/wp-content\/uploads\/2026\/03\/Mockup_HN_Mito_2-460x460.png 460w, https:\/\/grupohn.com.br\/wp-content\/uploads\/2026\/03\/Mockup_HN_Mito_2.png 1000w\" sizes=\"(max-width: 450px) 100vw, 450px\" \/><\/div>\n\t\t\t\t\t<div class=\"wc-block-grid__product-title\">No princ\u00edpio, o mito: do arcaico ao contempor\u00e2neo na literatura &#8211; Volume II<\/div>\n\t\t\t\t<\/a>\n\t\t\t\t<div class=\"wc-block-grid__product-price price\"><span class=\"woocommerce-Price-amount amount\" aria-hidden=\"true\"><span class=\"woocommerce-Price-currencySymbol\">&#082;&#036;<\/span>&nbsp;0,00<\/span> <span aria-hidden=\"true\">&ndash;<\/span> <span class=\"woocommerce-Price-amount amount\" aria-hidden=\"true\"><span class=\"woocommerce-Price-currencySymbol\">&#082;&#036;<\/span>&nbsp;119,00<\/span><span class=\"screen-reader-text\">Price range: &#082;&#036;&nbsp;0,00 through &#082;&#036;&nbsp;119,00<\/span><\/div>\n\t\t\t\t\n\t\t\t\t<div class=\"wp-block-button wc-block-grid__product-add-to-cart\"><a href=\"https:\/\/grupohn.com.br\/?product=no-principio-o-mito-do-arcaico-ao-contemporaneo-na-literatura-volume-ii\" aria-label=\"Selecione as op\u00e7\u00f5es para &ldquo;No princ\u00edpio, o mito: do arcaico ao contempor\u00e2neo na literatura - Volume II&rdquo;\" data-quantity=\"1\" data-product_id=\"9256\" data-product_sku=\"\" data-price=\"0\" rel=\"nofollow\" class=\"wp-block-button__link  add_to_cart_button\">Ver op\u00e7\u00f5es<\/a><\/div>\n\t\t\t<\/li><li class=\"wc-block-grid__product\">\n\t\t\t\t<a href=\"https:\/\/grupohn.com.br\/?product=hermeneutica\" class=\"wc-block-grid__product-link\">\n\t\t\t\t\t\n\t\t\t\t\t<div class=\"wc-block-grid__product-image\"><img loading=\"lazy\" decoding=\"async\" width=\"450\" height=\"450\" src=\"https:\/\/grupohn.com.br\/wp-content\/uploads\/2022\/02\/Baria_Hermeneutica-450x450.png\" class=\"attachment-woocommerce_thumbnail size-woocommerce_thumbnail\" alt=\"Hermen\u00eautica na Interpreta\u00e7\u00e3o Jur\u00eddica\" srcset=\"https:\/\/grupohn.com.br\/wp-content\/uploads\/2022\/02\/Baria_Hermeneutica-450x450.png 450w, https:\/\/grupohn.com.br\/wp-content\/uploads\/2022\/02\/Baria_Hermeneutica-100x100.png 100w, https:\/\/grupohn.com.br\/wp-content\/uploads\/2022\/02\/Baria_Hermeneutica-800x800.png 800w, https:\/\/grupohn.com.br\/wp-content\/uploads\/2022\/02\/Baria_Hermeneutica-300x300.png 300w, https:\/\/grupohn.com.br\/wp-content\/uploads\/2022\/02\/Baria_Hermeneutica-1024x1024.png 1024w, https:\/\/grupohn.com.br\/wp-content\/uploads\/2022\/02\/Baria_Hermeneutica-150x150.png 150w, https:\/\/grupohn.com.br\/wp-content\/uploads\/2022\/02\/Baria_Hermeneutica-768x768.png 768w, https:\/\/grupohn.com.br\/wp-content\/uploads\/2022\/02\/Baria_Hermeneutica-1536x1536.png 1536w, https:\/\/grupohn.com.br\/wp-content\/uploads\/2022\/02\/Baria_Hermeneutica-50x50.png 50w, https:\/\/grupohn.com.br\/wp-content\/uploads\/2022\/02\/Baria_Hermeneutica-460x460.png 460w, https:\/\/grupohn.com.br\/wp-content\/uploads\/2022\/02\/Baria_Hermeneutica.png 2000w\" sizes=\"(max-width: 450px) 100vw, 450px\" \/><\/div>\n\t\t\t\t\t<div class=\"wc-block-grid__product-title\">Hermen\u00eautica na Interpreta\u00e7\u00e3o Jur\u00eddica<\/div>\n\t\t\t\t<\/a>\n\t\t\t\t<div class=\"wc-block-grid__product-price price\"><span class=\"woocommerce-Price-amount amount\"><span class=\"woocommerce-Price-currencySymbol\">&#082;&#036;<\/span>&nbsp;85,00<\/span><\/div>\n\t\t\t\t\n\t\t\t\t<div class=\"wp-block-button wc-block-grid__product-add-to-cart\"><a href=\"\/index.php?rest_route=%2Fwp%2Fv2%2Fpages%2F11&#038;add-to-cart=69\" aria-label=\"Adicione ao carrinho: &ldquo;Hermen\u00eautica na Interpreta\u00e7\u00e3o Jur\u00eddica&rdquo;\" data-quantity=\"1\" data-product_id=\"69\" data-product_sku=\"9786598416430\" data-price=\"85\" rel=\"nofollow\" class=\"wp-block-button__link  add_to_cart_button ajax_add_to_cart\">Adicionar ao carrinho<\/a><\/div>\n\t\t\t<\/li><\/ul><\/div><\/div>\n<\/div>\n","protected":false},"excerpt":{"rendered":"","protected":false},"author":1,"featured_media":0,"parent":0,"menu_order":0,"comment_status":"closed","ping_status":"closed","template":"","meta":{"footnotes":""},"class_list":["post-11","page","type-page","status-publish","hentry"],"_links":{"self":[{"href":"https:\/\/grupohn.com.br\/index.php?rest_route=\/wp\/v2\/pages\/11","targetHints":{"allow":["GET"]}}],"collection":[{"href":"https:\/\/grupohn.com.br\/index.php?rest_route=\/wp\/v2\/pages"}],"about":[{"href":"https:\/\/grupohn.com.br\/index.php?rest_route=\/wp\/v2\/types\/page"}],"author":[{"embeddable":true,"href":"https:\/\/grupohn.com.br\/index.php?rest_route=\/wp\/v2\/users\/1"}],"replies":[{"embeddable":true,"href":"https:\/\/grupohn.com.br\/index.php?rest_route=%2Fwp%2Fv2%2Fcomments&post=11"}],"version-history":[{"count":1,"href":"https:\/\/grupohn.com.br\/index.php?rest_route=\/wp\/v2\/pages\/11\/revisions"}],"predecessor-version":[{"id":9224,"href":"https:\/\/grupohn.com.br\/index.php?rest_route=\/wp\/v2\/pages\/11\/revisions\/9224"}],"wp:attachment":[{"href":"https:\/\/grupohn.com.br\/index.php?rest_route=%2Fwp%2Fv2%2Fmedia&parent=11"}],"curies":[{"name":"wp","href":"https:\/\/api.w.org\/{rel}","templated":true}]}}